Calculate the remainder when 987 is divided by 6.
3
Calculate the remainder when 1796 is divided by 129.
119
What is the remainder when 734 is divided by 18?
14
What is the remainder when 163 is divided by 58?
47
What is the remainder when 29889 is divided by 71?
69
Calculate the remainder when 382 is divided by 131.
120
What is the remainder when 245 is divided by 63?
56
What is the remainder when 2692 is divided by 1344?
4
Calculate the remainder when 762 is divided by 225.
87
What is the remainder when 401 is divided by 77?
16
Calculate the remainder when 437 is divided by 147.
143
Calculate the remainder when 743 is divided by 188.
179
What is the remainder when 816 is divided by 104?
88
Calculate the remainder when 4678 is divided by 117.
115
What is the remainder when 309 is divided by 55?
34
Calculate the remainder when 436 is divided by 152.
132
What is the remainder when 73 is divided by 17?
5
Calculate the remainder when 43 is divided by 25.
18
Calculate the remainder when 2177 is divided by 20.
17
Calculate the remainder when 3164 is divided by 88.
84
What is the remainder when 15 is divided by 9?
6
Calculate the remainder when 320 is divided by 105.
5
Calculate the remainder when 3058 is divided by 180.
178
What is the remainder when 149 is divided by 21?
2
Calculate the remainder when 664 is divided by 108.
16
Calculate the remainder when 2636 is divided by 19.
14
What is the remainder when 22 is divided by 2?
0
Calculate the remainder when 310 is divided by 46.
34
Calculate the remainder when 28557 is divided by 42.
39
What is the remainder when 19663 is divided by 23?
21
Calculate the remainder when 1062 is divided by 20.
2
What is the remainder when 910 is divided by 157?
125
Calculate the remainder when 420 is divided by 3.
0
Calculate the remainder when 730 is divided by 126.
100
What is the remainder when 252 is divided by 1?
0
Calculate the remainder when 1782 is divided by 75.
57
Calculate the remainder when 1277 is divided by 80.
77
What is the remainder when 204 is divided by 187?
17
What is the remainder when 52 is divided by 6?
4
What is the remainder when 155 is divided by 6?
5
What is the remainder when 4536 is divided by 326?
298
Calculate the remainder when 252 is divided by 41.
6
What is the remainder when 127 is divided by 44?
39
What is the remainder when 1509 is divided by 747?
15
What is the remainder when 73 is divided by 19?
16
Calculate the remainder when 985 is divided by 29.
28
Calculate the remainder when 89 is divided by 26.
11
What is the remainder when 402 is divided by 95?
22
Calculate the remainder when 240 is divided by 41.
35
What is the remainder when 663 is divided by 29?
25
What is the remainder when 2968 is divided by 950?
118
Calculate the remainder when 1912 is divided by 5.
2
What is the remainder when 783 is divided by 21?
6
Calculate the remainder when 457 is divided by 23.
20
Calculate the remainder when 270 is divided by 97.
76
Calculate the remainder when 486 is divided by 7.
3
Calculate the remainder when 47 is divided by 32.
15
What is the remainder when 2236 is divided by 6?
4
What is the remainder when 86 is divided by 74?
12
Calculate the remainder when 62 is divided by 21.
20
What is the remainder when 565 is divided by 139?
9
Calculate the remainder when 440 is divided by 5.
0
Calculate the remainder when 119 is divided by 18.
11
What is the remainder when 382 is divided by 52?
18
Calculate the remainder when 825 is divided by 23.
20
What is the remainder when 545 is divided by 37?
27
What is the remainder when 32 is divided by 10?
2
Calculate the remainder when 2277 is divided by 286.
275
Calculate the remainder when 419 is divided by 137.
8
What is the remainder when 587 is divided by 31?
29
What is the remainder when 6143 is divided by 120?
23
What is the remainder when 198 is divided by 98?
2
What is the remainder when 354 is divided by 114?
12
What is the remainder when 251 is divided by 51?
47
Calculate the remainder when 4399 is divided by 98.
87
What is the remainder when 199 is divided by 17?
12
Calculate the remainder when 410 is divided by 110.
80
What is the remainder when 1115 is divided by 43?
40
What is the remainder when 251 is divided by 44?
31
Calculate the remainder when 233 is divided by 24.
17
What is the remainder when 2337 is divided by 14?
13
Calculate the remainder when 15743 is divided by 508.
503
What is the remainder when 61 is divided by 28?
5
Calculate the remainder when 233 is divided by 203.
30
What is the remainder when 715 is divided by 60?
55
Calculate the remainder when 2136 is divided by 17.
11
What is the remainder when 215 is divided by 62?
29
What is the remainder when 124 is divided by 61?
2
What is the remainder when 53 is divided by 8?
5
Calculate the remainder when 3111 is divided by 18.
15
Calculate the remainder when 67 is divided by 49.
18
What is the remainder when 512 is divided by 57?
56
Calculate the remainder when 963 is divided by 97.
90
What is the remainder when 159 is divided by 27?
24
Calculate the remainder when 1027 is divided by 318.
73
What is the remainder when 45 is divided by 4?
1
Calculate the remainder when 679 is divided by 141.
115
Calculate the remainder when 164 is divided by 162.
2
Calculate the remainder when 227 is divided by 10.
7
Calculate the remainder when 4045 is divided by 56.
13
Calculate the remainder when 34 is divided by 15.
4
Calculate the remainder when 135 is divided by 28.
23
Calculate the remainder when 1935 is divided by 287.
213
Calculate the remainder when 256 is divided by 3.
1
What is the remainder when 502 is divided by 19?
8
What is the remainder when 96 is divided by 1?
0
What is the remainder when 129 is divided by 44?
41
What is the remainder when 145 is divided by 21?
19
What is the remainder when 123 is divided by 28?
11
Calculate the remainder when 538 is divided by 52.
18
What is the remainder when 171 is divided by 59?
53
What is the remainder when 1509 is divided by 498?
15
What is the remainder when 165 is divided by 34?
29
Calculate the remainder when 1345 is divided by 45.
40
What is the remainder when 1469 is divided by 64?
61
Calculate the remainder when 86 is divided by 11.
9
What is the remainder when 29 is divided by 20?
9
What is the remainder when 184 is divided by 17?
14
What is the remainder when 648 is divided by 153?
36
Calculate the remainder when 3278 is divided by 174.
146
What is the remainder when 175 is divided by 25?
0
What is the remainder when 59 is divided by 30?
29
What is the remainder when 706 is divided by 89?
83
What is the remainder when 209 is divided by 47?
21
What is the remainder when 11828 is divided by 3942?
2
Calculate the remainder when 2534 is divided by 63.
14
What is the remainder when 228 is divided by 99?
30
Calculate the remainder when 3400 is divided by 63.
61
Calculate the remainder when 248 is divided by 14.
10
What is the remainder when 127 is divided by 46?
35
What is the remainder when 439 is divided by 44?
43
What is the remainder when 327 is divided by 14?
5
Calculate the remainder when 2525 is divided by 79.
76
What is the remainder when 3425 is divided by 13?
6
Calculate the remainder when 559 is divided by 33.
31
Calculate the remainder when 890 is divided by 19.
16
What is the remainder when 23 is divided by 8?
7
What is the remainder when 117 is divided by 65?
52
What is the remainder when 339 is divided by 24?
3
What is the remainder when 5632 is divided by 15?
7
What is the remainder when 48 is divided by 42?
6
What is the remainder when 2088 is divided by 55?
53
What is the remainder when 10008 is divided by 3336?
0
What is the remainder when 1041 is divided by 55?
51
What is the remainder when 1009 is divided by 23?
20
Calculate the remainder when 245 is divided by 41.
40
What is the remainder when 2039 is divided by 40?
39
Calculate the remainder when 1652 is divided by 69.
65
What is the remainder when 222 is divided by 5?
2
What is the remainder when 206 is divided by 21?
17
What is the remainder when 188 is divided by 69?
50
Calculate the remainder when 629 is divided by 79.
76
What is the remainder when 171 is divided by 62?
47
Calculate the remainder when 804 is divided by 7.
6
What is the remainder when 5